 highest common factor of j and 42.
14
Suppose -4*w = x - 0*w - 25, w - 70 = -4*x. Calculate the highest common factor of x and 5.
1
Let n(a) = 31*a + 174. Let c be n(12). Calculate the highest common divisor of 13 and c.
13
Let i be (-6)/8 - (-117)/12. Suppose 5*v + 560 = -2*x, -5*v - 2*x - 3*x - 560 = 0. Let g = -49 - v. What is the highest common divisor of g and i?
9
Let y = -41 + 39. Let i be (21 - 20)/(y/(-8)). Calculate the highest common factor of i and 4.
4
Let d(b) = b**3 + 13*b**2 - 16*b - 28. Let z be d(-14). Suppose z = 7*x + 2*x - 90. Calculate the highest common factor of x and 100.
10
Suppose 0*i = -38*i + 722. Calculate the greatest common factor of 209 and i.
19
Let o = -6 - -26. Suppose k - o = -13. What is the highest common factor of k and 63?
7
Let r(s) = -4*s**3 + 81*s**2 - 17*s - 40. Let x be r(20). What is the highest common factor of 16 and x?
4
Suppose -20*r + 26774 - 4094 = 0. What is the greatest common divisor of 63 and r?
63
Let b be (-2)/10 + 4009/95. Suppose 0 = -2*i + i + 5*d + b, -3*i + 126 = -5*d. What is the greatest common divisor of 7 and i?
7
Suppose -2*j + 4*c + 81 = -j, 3*c = -3*j + 273. Let r = j - 53. What is the highest common factor of 9 and r?
9
Let b = -65 - -70. Calculate the highest common factor of b and 135.
5
Let p = -31 - -35. Suppose -5 = -p*q + 15. Suppose 5 = o, -5*l + q*o = 3 + 2. What is the greatest common factor of l and 16?
4
Let p(a) = -76*a + 57. Let l be p(-3). Calculate the greatest common factor of l and 6.
3
Suppose 3*x + 3 = 9. Let k(t) = 142*t - 5. Let o be k(x). Calculate the greatest common divisor of o and 31.
31
Suppose z + 25 = 6*z. Let x be 18/(-45) + 37/z. Let r(h) = 18*h**2 + 6*h + 3. Let g be r(-2). Calculate the highest common factor of x and g.
7
Let v be (-1)/(10/40) + (4 - -17). Suppose -x = 3*x + 484. Let z be 1 + (-2 - (1 + x)). What is the greatest common factor of z and v?
17
Suppose -2*g + 48 = 2*g. Let i = -5563 - -5611. Calculate the highest common divisor of g and i.
12
Let s(i) = -5*i**2 + 19*i - 17. Let l(u) = u**2 - 5*u + 4. Let r(n) = 9*l(n) + 2*s(n). Let h be r(-4). What is the highest common factor of 14 and h?
14
Suppose -9*u = -79 - 29. What is the greatest common divisor of u and 948?
12
Let i be (-2)/16 - 648773/(-424). Calculate the highest common factor of 30 and i.
30
Let k be -399*(-1)/(-2 + 3). Let a be ((-9)/(-30)*4)/((-4)/(-190)). Calculate the greatest common divisor of k and a.
57
Suppose 3*g + 4*u = g - 10, 0 = 4*g - 2*u + 70. Let s be (-3)/g - (69/(-5) - 2). What is the greatest common divisor of s and 80?
16
Suppose -5*p + 1116 = 4*p. Suppose c - 160 = -p. Calculate the greatest common divisor of c and 4.
4
Let y be (5 + -3)/((-10)/6250*-10). Calculate the greatest common divisor of y and 3625.
125
Let j be 1158/12 + (-6)/4. Suppose 2*b = -3*k + 48, 5*b + 3*k - 16 - j = 0. Let v be ((-40)/(-1) - -2)*1. What is the greatest common factor of b and v?
21
Suppose 0 = -10*b - 61 + 181. What is the greatest common factor of 780 and b?
12
Suppose 0 = 8*d - 5*d + 5*j - 50, j - 1 = 0. Calculate the highest common divisor of 30 and d.
15
Let z = 32 - 27. Let g(v) = v**2 - 12*v + 15. Let i be g(10). Let q(a) = -11*a. Let w be q(i). What is the highest common factor of w and z?
5
Let m(o) = -19*o - 211. Let w be m(-13). What is the greatest common factor of 20 and w?
4
Suppose 0 = -2*h - 2*x + 1650, -5*h - x + 4100 = -37. Calculate the highest common divisor of 92 and h.
92
Let m(n) = 89*n**3 - n**2 - 18*n + 18. Let t be m(1). What is the greatest common factor of 594 and t?
22
Let i be (95/6)/(11/132). Let b = -78 + 116. Calculate the highest common divisor of i and b.
38
Let i be 0 + 11 + (5 + -4)/1. Let p(o) = -o**2 - 13*o + 14. Let f be p(-11). Calculate the highest common factor of f and i.
12
Suppose 2*j + j - 21 = 0. Suppose 0 = 3*q + j*y - 4*y - 90, -y = -5*q + 180. What is the greatest common divisor of q and 7?
7
Let m be ((-770)/(-7))/(10/15). What is the greatest common factor of 99 and m?
33
Let k(w) = -w**3 - 12*w**2 - 12*w + 8. Suppose -2*v = -v + c + 8, 37 = -2*v + 5*c. Let r be k(v). What is the highest common factor of 19 and r?
19
Let v(f) = f**2 + 2*f - 6. Let d be v(-6). Let l be d*(2 + -1) + 4. Suppose 2*g = -3*g + 770. Calculate the greatest common divisor of l and g.
22
Let x be ((-13)/(-2))/((-11)/(-198)). What is the highest common divisor of 78 and x?
39
Suppose q + 5*m - 6*m + 41 = 0, 196 = -5*q + 2*m. Let o = q + 39. Calculate the highest common factor of 5 and o.
1
Suppose -3*t - 18 = -126. Let g = 36 + -31. Suppose 6*x - x + 55 = g*j, 4*j - 5*x = 46. What is the highest common divisor of j and t?
9
Let n = -1503 + 1519. Let k be (-16)/(-10) + (-2)/(-5). Calculate the greatest common divisor of k and n.
2
Suppose 2*a + 5*w = 259, 3*a + 2*w - 641 + 247 = 0. What is the highest common factor of a and 36?
12
Let v be (-80)/(-6) + 1/(-3). Suppose -14 = -3*s - 5*i + 278, 220 = 2*s - 3*i. What is the greatest common factor of s and v?
13
Let c(v) be the third derivative of -v**6/120 - v**5/30 - v**4/8 + 2*v**3/3 + 9*v**2. Let w be c(-3). What is the greatest common divisor of 33 and w?
11
Suppose 13 = 3*i + 2*u, -6*u + 2*u + 2 = -2*i. Calculate the greatest common divisor of i and 15.
3
Let d = 53 - 31. Let o = d + -11. Calculate the greatest common divisor of o and 11.
11
Let l(f) = 19*f - 133. Let t be l(31). What is the greatest common divisor of 168 and t?
24
Let u(o) = -o**3 + 17*o**2 - 51*o - 2. Suppose 0 = -v + 4*d + 17, 2*v + 3*d - 4*d = 27. Let y be u(v). Calculate the highest common divisor of y and 88.
11
Let s(p) = -6*p**3 + 8*p**2 + 62*p + 9. Let a be s(-5). Calculate the highest common factor of a and 33.
11
Suppose -3*n + 124 = -29. Let o(b) = 7*b + 17. Let c be o(0). What is the highest common divisor of n and c?
17
Let g(a) = -a**3 + 8*a**2 + 3*a - 3. Let j = 24 - 16. Let l be g(j). Suppose -4*y + 187 = -l. Calculate the highest common divisor of y and 13.
13
Suppose -153 + 2407 = 23*z. What is the highest common factor of 42 and z?
14
Let n = -296 + 340. Calculate the highest common factor of 1364 and n.
44
Let g be (3 - (1 - 1))*13. Let z = g - 28. Calculate the highest common divisor of 99 and z.
11
Suppose -7 = 4*f + 9. Let y be f/(-18) + (-178)/(-9). Suppose -2*q + 62 = 4*g, 5*q = -y - 5. Calculate the greatest common divisor of g and 45.
9
Let b = -143 + 251. Suppose 5*l = -5*t + 70, 4*l = -4*t - l + 58. Calculate the highest common divisor of t and b.
12
Let w = 392 - 362. What is the greatest common factor of 120 and w?
30
Let t be 3 + (-43 - -7)*(-4)/(-3). Let o = t - -61. Let u(h) = -h**3 + 9*h**2 + 7*h - 7. Let r be u(5). Calculate the greatest common divisor of r and o.
16
Let d(q) = 10*q**3 + 2*q + 1. Let i be d(2). Let s = i - 51. Let k = 7 - -10. What is the greatest common divisor of s and k?
17
Let a be ((-9)/4)/((-2)/16). Let u be (1260/(-27))/5*27/(-2). What is the greatest common divisor of a and u?
18
Let l be 2 + (-14)/4 - (-1)/2. Let f be (-3 - 5/(-2))*(l - 27). What is the greatest common divisor of f and 98?
14
Suppose d + 5 = 0, a = 3*d - d - 20. Let o = a - -31. What is the greatest common divisor of 5 and o?
1
Let k = 103 - 73. Suppose 3*t + 39 = -2*r + 310, r + 2*t = 133. Let v = r - 68. Calculate the greatest common factor of v and k.
15
Let o(x) = -x**3 + 9*x**2 + 9*x + 7. Let v be o(10). Let k be (2 + v)*(-4 - 59). What is the greatest common divisor of k and 7?
7
Let w = 49 + -24. Let c(z) = 19 - 19 + 10*z**2. Let f be c(1). What is the highest common factor of f and w?
5
Let h(r) = -r**2 + 12*r - 9. Let q be h(6). Suppose -w + m + q = 6*m, 3*w + 4*m - 48 = 0. Calculate the highest common divisor of w and 8.
4
Let q(x) = 15*x**2 + 174*x + 23. Let a be q(-12). Calculate the greatest common factor of a and 551.
19
Let r(a) = -6*a**2 - 49*a + 6. Let s be r(-7). What is the highest common factor of s and 33?
11
Suppose 0 = -m - 5*f + 6, -5*m + 4*f - 8*f - 12 = 0. Let h be -17*3*(-2)/3. Let n = h + m. What is the highest common factor of 240 and n?
30
Let o(a) = 5*a**2 + 7*a + 2. Let n be o(-6). Let c(l) = -3*l**3 - 4*l**2 - 8*l - 10. Let z be c(-2). Calculate the greatest common factor of z and n.
14
Let f be 45 + (-4 - 0) - (-1)/1. Let z = 21 + -3. Calculate the greates